) + (-1 - -3). What is the remainder when 22 is divided by (-6)/(-8) - v/(-16)?
6
Let q(p) = -p - 1. Let h be q(-2). Let o(c) = 28*c**3 + 2*c**2 - 1. Calculate the remainder when o(h) is divided by 8.
5
Suppose 36 = -2*j + 5*j. Suppose -j = -l - 2*l. Suppose z - 73 - 34 = -5*s, 5*s = l*z + 97. Calculate the remainder when s is divided by 11.
10
Suppose 5*x - 36 = -2*i, x - 109 = -5*i - 19. Suppose k = 2*t + i, -4*t - 28 + 136 = 4*k. What is the remainder when k is divided by 13?
11
Suppose 5*w - 32 = 23. Calculate the remainder when 43 is divided by w.
10
Suppose 7*n - 4*n - 57 = 0. Let b(w) = -8*w + 5. What is the remainder when b(-4) is divided by n?
18
Suppose 4*k - 3*k - 3 = 0. What is the remainder when (3 - (k + -1))*28 is divided by 0 + 12 - 0 - 2?
8
Suppose -4*g - g = 5, -3*d + 5 = 4*g. Suppose -4*j + 1 = -d, 4*w = -2*j + 78. Calculate the remainder when w is divided by 7.
5
Let s = -9 + 13. What is the remainder when 13 is divided by s?
1
What is the remainder when (-3582)/(-81) + (6/(-27) - 0) is divided by 27?
17
Let j be (-4)/(-10) + (-3)/(-5). What is the remainder when -3 + 3 + -3 + 34 is divided by 14 + 4/(1 + j)?
15
Let h(o) = -o**2 - 15*o - 6. What is the remainder when h(-10) is divided by 9?
8
Let b = -10 - -14. Suppose b = -0*t + t. What is the remainder when 38 is divided by (30/t)/(9/24)?
18
Suppose y = -3*j - 3, -j + 28 = 4*y + 3*j. Let g = -6 + y. Calculate the remainder when 16 is divided by g.
4
Suppose -13*t = -17*t + 44. Calculate the remainder when 76 is divided by t.
10
Suppose 0*q - 3 = -q, -4*i = q - 843. Suppose -4*t = t + 5*d - i, 5*d = -3*t + 130. Calculate the remainder when t is divided by 14.
12
Suppose 4*h - 16 = -5*d + 160, 20 = d - 3*h. What is the remainder when 94 is divided by d?
30
Suppose -2*l = 3*g - 106, -3*l + 15 = -0*l. Let c = -11 + g. Suppose -50 - 20 = -5*x + 5*v, -3*x + 2*v = -39. Calculate the remainder when c is divided by x.
10
Let c(t) = 4*t + 6. Let w be (-2)/(-6) + (-12)/(-18). What is the remainder when c(5) is divided by (10 - w)/(1 - 0)?
8
Suppose 3*a = -2*a. Suppose a = -4*v - v + 80. What is the remainder when v is divided by 6?
4
Let x be (-3)/2*24/(-9). Suppose b = x, -5*b = -p + 4*p - 44. Let n = p - -9. Calculate the remainder when 32 is divided by n.
15
Let z(p) = p**3 - 8*p**2 + 10*p - 2. Let g be (-156)/(-9) + (-4)/(-6). Let q = 25 - g. What is the remainder when 55 is divided by z(q)?
17
Suppose -3*v + 93 = -57. Let j = 45 + -19. Calculate the remainder when v is divided by j.
24
Suppose 5*p = 4*a + 203, 2*a = 3*a + 5*p + 57. Let s = 84 + a. Calculate the remainder when s is divided by 17.
15
Suppose -2 = -2*t + 10. Let n = 14 - t. What is the remainder when n is divided by 96/30 - 1/5?
2
Let t = 81 - 57. What is the remainder when 82 is divided by t?
10
Let h = 17 + 11. Let m = h + -12. Let c(n) = -8*n**3 - n**2 - n - 1. What is the remainder when c(-2) is divided by m?
13
Let o(z) = z**2 + z + 1. Let j(s) = s. Let v be j(3). Suppose v*t + 3 = 4*t. Calculate the remainder when o(2) is divided by t.
1
Suppose -2*r + 3*i = r - 30, 5*i - 6 = -2*r. Suppose d + 209 = 3*v - 4*d, 0 = -2*d - r. Calculate the remainder when v is divided by 16.
15
Let r(t) = -t**2 + 18*t - 15. Suppose -3*m - 5*v - 6 = 0, 4*m + v - 15 = 2*v. What is the remainder when m is divided by r(17)?
1
Let f(a) = -1. Let g(w) = 3*w + 4. Let j(u) = 2*f(u) - g(u). Suppose -2*c + 2 = 12. Calculate the remainder when 26 is divided by j(c).
8
Suppose 7*j - 35 = 6*j. What is the remainder when 66 is divided by j?
31
Suppose 2*a - 4 = -0. Suppose -4*o - 10 + 34 = a*y, y = -o + 9. Calculate the remainder when 16 is divided by y.
4
Let w(i) be the second derivative of -i**5/20 + 5*i**4/6 + 13*i**3/6 + i**2/2 - 2*i. Calculate the remainder when w(11) is divided by ((-8)/(-5))/((-1)/(-5)).
7
Suppose -5*o + 10*o - 80 = 0. Calculate the remainder when 75 is divided by o.
11
What is the remainder when (-3)/(175/(-86) - -2) is divided by 22?
20
Let p(u) = 10*u**2 - 4. What is the remainder when p(2) is divided by 19?
17
Let k(b) = -b**3 - 7*b**2 + 10*b + 12. Let c be k(-8). Calculate the remainder when (-1)/4*c - -55 is divided by 29.
27
Suppose -3*i = 71 + 37. Let y = 85 + i. Calculate the remainder when y is divided by 17.
15
Let j = 59 - 39. Calculate the remainder when 4/34 + 11680/136 + 11 is divided by j.
17
Let o = -63 + 97. Let b = o - 24. What is the remainder when b is divided by 4?
2
Let j = -12 + 24. Let n = 91 - 69. Calculate the remainder when n is divided by j.
10
Suppose 19 = 3*g - 2*g. Calculate the remainder when g is divided by 5.
4
Suppose 3*y - 70 = p, -59 = -5*y - p + 71. Suppose -u = -2*u + 39. Suppose -5*c = -u - 31. Calculate the remainder when y is divided by c.
11
Let q be (3 + (-21)/6)*-2. Suppose -3 = -n - q. Suppose -3*o - n*u + 35 = 2*o, u = 5*o - 50. What is the remainder when 35 is divided by o?
8
Suppose 0 = m + 1 - 46. Suppose -5*u + 29 = y, 0 = -3*y + 13 - 1. Suppose 0 = 2*p + u*k - m, -p = 2*p + 3*k - 63. What is the remainder when p is divided by 11?
9
Suppose 3*h - 4*c - c = 111, 4*c = 5*h - 172. Let g = -26 + 37. Calculate the remainder when h is divided by g.
10
Let z = -2 - 3. Let k be (-12)/(-7) - (-4)/14. Let g = k - z. Calculate the remainder when 12 is divided by g.
5
Let a(t) = -2*t**3 - 6*t**2 + 2*t - 7. What is the remainder when a(-5) is divided by 21?
20
Let v = 3 - 2. Suppose a - 7 = -5*y, a = -4 + v. Calculate the remainder when 3 is divided by y.
1
Let s = 9 + -5. Suppose 12 = s*b - 4. Suppose -3*i = 5*r - 23, b*i + 4*r - 50 = -6. What is the remainder when i is divided by 9?
7
Let h(n) = 8*n + 55. Calculate the remainder when 42 is divided by h(-5).
12
Let h(w) = 12*w**2 + w - 1. Let r be h(1). What is the remainder when (-36)/(-4) + -1 + 1 is divided by 8/r + 16/3?
3
Suppose 74 - 8 = 3*b. Let i = 73 + -9. Calculate the remainder when i is divided by b.
20
Let c = -14 + 16. Suppose -c*z + 61 + 21 = 0. Let d = 28 + -14. What is the remainder when z is divided by d?
13
Let g = -31 + 50. Calculate the remainder when ((-30)/(-35))/(3/126) is divided by g.
17
Suppose 3*g = -v + 6, -4 - 2 = -3*g - 3*v. Suppose -g + 0 = -c. What is the remainder when (-3 + 1)*(-1 - 1) is divided by c?
0
Let d = -41 - -57. What is the remainder when 79 is divided by d?
15
Let d = 191 + -103. What is the remainder when d is divided by 30?
28
Let u be 4 - (-2)/(-2)*-2. What is the remainder when (128/(-12))/(u/(-9)) is divided by 6?
4
Suppose g - 20 = -3*j, 5*j = -2*g - 7 + 44. Calculate the remainder when 27 is divided by g.
5
Suppose d - l - 18 = 0, -2*d = -5*l - 11 - 25. Calculate the remainder when 70 is divided by d.
16
Suppose 0 = -3*k - 9, s = -s - 5*k + 49. Suppose 20 + s = 4*v. Suppose -3*o + 3 = -105. What is the remainder when o is divided by v?
10
Let z(j) = -j - 4 - 7 + 6 + j**2. What is the remainder when z(6) is divided by 9?
7
Let u = -177 + 193. What is the remainder when 30 is divided by u?
14
Let r(l) = 13*l**2 + 2*l - 1. Let i be 1/(-1*3/6). Calculate the remainder when r(i) is divided by 24.
23
Let i(m) = -2*m**2 - 2*m - 1. Let o be i(-2). Let x(s) = 5 + 2 + 0*s**2 + 2*s**2 - 83*s + 87*s. What is the remainder when x(o) is divided by 13?
11
Suppose -6*x = -2*x + 3*y - 238, 5*y = x - 48. What is the remainder when x is divided by 12?
10
Let h(m) = -2*m**2 - 9*m - 8 + 0*m + 0*m**2 + m**2. Let r = 26 - 16. What is the remainder when r is divided by h(-7)?
4
Suppose 0 = -3*k - w + 32, 0 = -3*k - 5*w + 2 + 38. Suppose n = -2*u + 18, 3 + k = 3*u - 2*n. Calculate the remainder when 12 is divided by u.
5
Let m be (3/9 + -1)*-3. Suppose -m*c + 23 = -c. Calculate the remainder when c is divided by 8.
7
Let t(f) = -f**2 + 2*f + 1. Let m be (-2)/(-10) + 14/5. Let s be t(m). Let k = s - -12. Calculate the remainder when k is divided by 4.
2
Suppose 6 - 18 = -3*c. Suppose 0*v = c*v - 44. What is the remainder when 41 is divided by v?
8
Let n be 7/(-3*3/(-639)). Let d = -327 + n. Suppose d = t + 4*t. Calculate the remainder when t is divided by 9.
7
Let f = -1 - -18. Suppose -5*x = -4*z - 43, 2*z - f = -3*x - 0*z. Let n = x - -1. What is the remainder when 23 is divided by n?
7
Let w = 12 - 9. Calculate the remainder when 3 is divided by -3 - (-3 + w + -4).
0
Suppose -16 = -4*u, 21 = 